{"id":1630,"date":"2020-05-13T07:52:37","date_gmt":"2020-05-13T06:52:37","guid":{"rendered":"http:\/\/logistika.fberg.tuke.sk\/?page_id=1630"},"modified":"2020-05-13T13:05:48","modified_gmt":"2020-05-13T12:05:48","slug":"odborova-komisia-doprava","status":"publish","type":"page","link":"https:\/\/logistika.fberg.tuke.sk\/?page_id=1630","title":{"rendered":"Odborov\u00e1 komisia Doprava"},"content":{"rendered":"\n<div class=\"pt-cv-wrapper\"><div class=\"pt-cv-view pt-cv-grid pt-cv-colsys pt-cv-justify pt-cv-socialsc\" id=\"pt-cv-view-b1b1a14pwc\"><div data-id=\"pt-cv-page-1\" class=\"pt-cv-page cv-npf\" data-cvc=\"1\"><div class=\"col-md-12 col-sm-12 col-xs-12 pt-cv-content-item pt-cv-2-col\"  data-pid=\"0\"><div class='pt-cv-ifield'><div class=\"alert alert-warning pt-cv-no-post\">Neboli n\u00e1jden\u00e9 \u017eiadne \u010dl\u00e1nky.<\/div><\/div><\/div><\/div><\/div><\/div>\t\t\t<style type=\"text\/css\" id=\"pt-cv-inline-style-a54ef187yr\">#pt-cv-view-b1b1a14pwc .pt-cv-content-item { padding-bottom: 16px !important; }\n#pt-cv-view-b1b1a14pwc  { margin-top: 0px !important; margin-bottom: 0px !important; }\n#pt-cv-view-b1b1a14pwc .pt-cv-ifield { padding-top: 0px !important; padding-right: 0px !important; padding-bottom: 0px !important; padding-left: 0px !important; }\n#pt-cv-view-b1b1a14pwc  .pt-cv-ifield   { background-color: rgba(30,115,190,0.05) !important; }\n#pt-cv-view-b1b1a14pwc .pt-cv-title a, #pt-cv-view-b1b1a14pwc  .panel-title { font-weight: 600 !important; }\n#pt-cv-view-b1b1a14pwc .pt-cv-readmore  { color: #ffffff !important; background-color: #00aeef !important; }\n#pt-cv-view-b1b1a14pwc .pt-cv-readmore:hover  { color: #ffffff !important; background-color: #00aeef !important; }\n#pt-cv-view-b1b1a14pwc .pt-cv-tao  { font-size: 20px !important; line-height: 1.3 !important; }\n#pt-cv-view-b1b1a14pwc { text-align: justify; }<\/style>\r\n\t\t\t\n","protected":false},"excerpt":{"rendered":"","protected":false},"author":8,"featured_media":0,"parent":0,"menu_order":0,"comment_status":"closed","ping_status":"closed","template":"","meta":{"pgc_meta":"","footnotes":""},"pgc_meta":"","_links":{"self":[{"href":"https:\/\/logistika.fberg.tuke.sk\/index.php?rest_route=\/wp\/v2\/pages\/1630"}],"collection":[{"href":"https:\/\/logistika.fberg.tuke.sk\/index.php?rest_route=\/wp\/v2\/pages"}],"about":[{"href":"https:\/\/logistika.fberg.tuke.sk\/index.php?rest_route=\/wp\/v2\/types\/page"}],"author":[{"embeddable":true,"href":"https:\/\/logistika.fberg.tuke.sk\/index.php?rest_route=\/wp\/v2\/users\/8"}],"replies":[{"embeddable":true,"href":"https:\/\/logistika.fberg.tuke.sk\/index.php?rest_route=%2Fwp%2Fv2%2Fcomments&post=1630"}],"version-history":[{"count":0,"href":"https:\/\/logistika.fberg.tuke.sk\/index.php?rest_route=\/wp\/v2\/pages\/1630\/revisions"}],"wp:attachment":[{"href":"https:\/\/logistika.fberg.tuke.sk\/index.php?rest_route=%2Fwp%2Fv2%2Fmedia&parent=1630"}],"curies":[{"name":"wp","href":"https:\/\/api.w.org\/{rel}","templated":true}]}}