{"id":5,"date":"2016-01-04T22:38:41","date_gmt":"2016-01-04T21:38:41","guid":{"rendered":"http:\/\/ustavlogistiky.jecool.net\/?page_id=5"},"modified":"2023-02-15T12:25:34","modified_gmt":"2023-02-15T11:25:34","slug":"o-nas","status":"publish","type":"page","link":"https:\/\/logistika.fberg.tuke.sk\/?page_id=5","title":{"rendered":"O n\u00e1s"},"content":{"rendered":"<h2>O \u00fastave<\/h2>\n<p>\u00dastav logistiky a dopravy na FBERG TUKE zabezpe\u010duje v\u00fdu\u010dbu v\u0161etk\u00fdch odborn\u00fdch predmetov z\u00a0oblasti logistiky a\u00a0dopravy\u00a0 potrebn\u00fdch pre profil\u00e1ciu absolventov v\u00a0\u0161t\u00fadijnom\u00a0odbore DOPRAVA,\u00a0pre \u0161tudijn\u00e9 programy:<\/p>\n<p><b>1.stupe\u0148 vysoko\u0161kolsk\u00e9ho \u0161t\u00fadia\u00a0<\/b><\/p>\n<ul>\n<li><a href=\"http:\/\/logistika.fberg.tuke.sk\/?page_id=46\">Dopravn\u00e1 logistika<\/a><\/li>\n<li><a href=\"http:\/\/logistika.fberg.tuke.sk\/?page_id=877\">Komer\u010dn\u00e1 logistika<\/a><\/li>\n<li><a href=\"http:\/\/logistika.fberg.tuke.sk\/?page_id=10\">Priemyseln\u00e1 logistika<\/a><\/li>\n<\/ul>\n<p><b>2. stupe\u0148 vysoko\u0161kolsk\u00e9ho \u0161t\u00fadia<br \/><\/b><\/p>\n<ul>\n<li><a href=\"http:\/\/logistika.fberg.tuke.sk\/?page_id=46\">Dopravn\u00e1 logistika<\/a><\/li>\n<li><a href=\"http:\/\/logistika.fberg.tuke.sk\/?page_id=10\">Priemyseln\u00e1 logistika<\/a><\/li>\n<\/ul>\n<p><b>3.stupe\u0148 vysoko\u0161kolsk\u00e9ho \u0161t\u00fadia<\/b><\/p>\n<ul>\n<li><a href=\"http:\/\/logistika.fberg.tuke.sk\/?page_id=10\">Priemyseln\u00e1 logistika<\/a><\/li>\n<\/ul>\n<p>V\u00fdchova vedeck\u00fdch pracovn\u00edkov sa realizuje v internej a externej forme doktorandsk\u00e9ho \u0161t\u00fadia aj v odbore Z\u00edskavania a spracovanie zemsk\u00fdch zdrojov v \u0161tudijnom programe Bansk\u00e1 mechaniz\u00e1cia, doprava a hlbinn\u00e9 v\u0155tanie a \u0161tudijnom programe Riadenie procesov z\u00edskavania a spracovania surov\u00edn.<\/p>\n<h2>Hist\u00f3ria \u00fastavu<\/h2>\n<p>\u00dastav logistiky a dopravy (predt\u00fdm \u00dastav logistiky (2015-2019) a \u00dastav logistiky priemyslu a dopravy (2007-2015)) je pokra\u010dovate\u013eom Katedry logistiky v\u00fdrobn\u00fdch syst\u00e9mov a Katedry banskej mechaniz\u00e1cie a automatiz\u00e1cie, ktor\u00e1 p\u00f4sob\u00ed na fakulte pod r\u00f4znymi n\u00e1zvami od jej vzniku v roku 1952.<\/p>\n<p>S\u00fa\u010dasn\u00fd n\u00e1zov &#8222;\u00dastav logistiky a dopravy&#8220; vznikol 1.4.2019. Korene \u00dastavu logistiky a dopravy (\u010falej len \u00daLaD) pri FBERG TUKE s\u00fa spojen\u00e9 so vznikom Katedry logistiky a\u00a0v\u00fdrobn\u00fdch syst\u00e9mov (1999), Katedry riadenia procesov (1972) a Katedry banskej mechaniz\u00e1cie a\u00a0automatiz\u00e1cie, ktor\u00e1 p\u00f4sob\u00ed na fakulte pod r\u00f4znymi n\u00e1zvami od jej vzniku v roku 1952.<\/p>\n<p>Pokia\u013e Katedra banskej mechaniz\u00e1cie p\u00f4sobila na\u010falej na Ban\u00edckej fakulte, korene Katedry riadenia procesov siahaj\u00fa do celouniverzitn\u00e9ho pracoviska &#8211; \u00dastavu v\u00fdpo\u010dtovej techniky Vysokej \u0161koly technickej a\u00a0Slovenskej akad\u00e9mie vied (1976 &#8211; 1990). V roku 1990 pedagogick\u00ed a v\u00fdskumn\u00ed pracovn\u00edci z \u00daVT V\u0160T a SAV s kolekt\u00edvom \u010dasti Katedry ekonomiky a riadenia Strojn\u00edckej fakulty zalo\u017eili Katedru riadenia v\u00fdrobn\u00fdch procesov. Po reorganiz\u00e1cii fakulty v roku 1999 vznikla z KRVP Katedra informatiz\u00e1cie a riadenia procesov a\u00a0Katedra logistiky a\u00a0v\u00fdrobn\u00fdch syst\u00e9mov, \u010d\u00edm fakulta reaguje na potreby spolo\u010denskej praxe.<\/p>\n<p>V\u00a0roku 2001 obidve katedry na z\u00e1klade obsahu ich \u010dinnosti a v\u00a0r\u00e1mci organiza\u010dn\u00fdch zmien boli integrovan\u00e9 do \u00dastavu riadenia v\u00fdrobn\u00fdch procesov.<\/p>\n<p>V\u00a0roku 2007 sa uskuto\u010dnila organiza\u010dn\u00e1 zmena a\u00a0\u00dastav riadenia v\u00fdrobn\u00fdch procesov sa roz\u010dlenil na dva \u00fastavy a\u00a0to \u00dastav logistiky priemyslu a\u00a0dopravy a\u00a0\u00dastav riadenia a\u00a0informatiz\u00e1cie v\u00fdrobn\u00fdch procesov.<\/p>\n<h2>Na\u0161e logo<\/h2>\n<p><img loading=\"lazy\" decoding=\"async\" class=\"aligncenter size-medium wp-image-1388\" src=\"http:\/\/logistika.fberg.tuke.sk\/wp-content\/uploads\/LOGO_ULaD_Schvalene_Remake_1-300x219.png\" alt=\"\" width=\"300\" height=\"219\" srcset=\"https:\/\/logistika.fberg.tuke.sk\/wp-content\/uploads\/LOGO_ULaD_Schvalene_Remake_1-300x219.png 300w, https:\/\/logistika.fberg.tuke.sk\/wp-content\/uploads\/LOGO_ULaD_Schvalene_Remake_1-768x562.png 768w, https:\/\/logistika.fberg.tuke.sk\/wp-content\/uploads\/LOGO_ULaD_Schvalene_Remake_1-1024x749.png 1024w\" sizes=\"(max-width: 300px) 100vw, 300px\" \/><\/p>\n<h2>\u00a0<\/h2>\n<h2>\u00a0<\/h2>\n\n\n<p><\/p>\n","protected":false},"excerpt":{"rendered":"<p>O \u00fastave \u00dastav logistiky a dopravy na FBERG TUKE zabezpe\u010duje v\u00fdu\u010dbu v\u0161etk\u00fdch odborn\u00fdch predmetov z\u00a0oblasti logistiky a\u00a0dopravy\u00a0 potrebn\u00fdch pre profil\u00e1ciu absolventov v\u00a0\u0161t\u00fadijnom\u00a0odbore DOPRAVA,\u00a0pre \u0161tudijn\u00e9 programy: 1.stupe\u0148 vysoko\u0161kolsk\u00e9ho \u0161t\u00fadia\u00a0 Dopravn\u00e1 logistika Komer\u010dn\u00e1 logistika Priemyseln\u00e1 logistika 2. stupe\u0148 vysoko\u0161kolsk\u00e9ho \u0161t\u00fadia Dopravn\u00e1 logistika Priemyseln\u00e1 logistika 3.stupe\u0148 vysoko\u0161kolsk\u00e9ho \u0161t\u00fadia Priemyseln\u00e1 logistika V\u00fdchova vedeck\u00fdch pracovn\u00edkov sa realizuje v internej a<\/p>\n","protected":false},"author":1,"featured_media":0,"parent":0,"menu_order":0,"comment_status":"closed","ping_status":"open","template":"","meta":{"pgc_meta":"","footnotes":""},"pgc_meta":"","_links":{"self":[{"href":"https:\/\/logistika.fberg.tuke.sk\/index.php?rest_route=\/wp\/v2\/pages\/5"}],"collection":[{"href":"https:\/\/logistika.fberg.tuke.sk\/index.php?rest_route=\/wp\/v2\/pages"}],"about":[{"href":"https:\/\/logistika.fberg.tuke.sk\/index.php?rest_route=\/wp\/v2\/types\/page"}],"author":[{"embeddable":true,"href":"https:\/\/logistika.fberg.tuke.sk\/index.php?rest_route=\/wp\/v2\/users\/1"}],"replies":[{"embeddable":true,"href":"https:\/\/logistika.fberg.tuke.sk\/index.php?rest_route=%2Fwp%2Fv2%2Fcomments&post=5"}],"version-history":[{"count":0,"href":"https:\/\/logistika.fberg.tuke.sk\/index.php?rest_route=\/wp\/v2\/pages\/5\/revisions"}],"wp:attachment":[{"href":"https:\/\/logistika.fberg.tuke.sk\/index.php?rest_route=%2Fwp%2Fv2%2Fmedia&parent=5"}],"curies":[{"name":"wp","href":"https:\/\/api.w.org\/{rel}","templated":true}]}}